{"id":1615,"date":"2021-11-15T12:19:29","date_gmt":"2021-11-15T11:19:29","guid":{"rendered":"https:\/\/seisconsultora.com\/?page_id=1615"},"modified":"2021-11-16T17:30:54","modified_gmt":"2021-11-16T16:30:54","slug":"responsabilitat-social-corporativa","status":"publish","type":"page","link":"https:\/\/seisconsultora.com\/ca\/responsabilitat-social-corporativa\/","title":{"rendered":"Responsabilitat social corporativa"},"content":{"rendered":"\r\n\r\n\t<h1>\r\n\t\t\t\tResponsabilitat social corporativa\r\n\t\t\t<\/h1>\r\n\t<p>Des d&#8217;un punt de vista \u00e8tic, les organitzacions econ\u00f2miques juguen un paper social que en aquests moments \u00e9s de gran rellev\u00e0ncia pels impactes mediambiental i social que tenen les seves actuacions.<\/p>\r\n<p><strong>SEIS CONSULTORA<\/strong>, conscient d&#8217;aquesta responsabilitat, canalitza la seva aportaci\u00f3 de forma concreta amb la participaci\u00f3 en organitzacions no governamentals dedicades a l&#8217;atenci\u00f3 de la inf\u00e0ncia i a la reducci\u00f3 de la pobresa al m\u00f3n.<\/p>\r\n\t\t\t\t<a href=\"https:\/\/www.unicef.es\/\" target=\"_blank\" rel=\"noopener\" itemprop=\"url\">\r\n\t\t\t\t<img loading=\"lazy\" decoding=\"async\" src=\"https:\/\/seisconsultora.com\/wp-content\/uploads\/2021\/11\/unicef_seis_consultora-200.png\" alt=\"Servicios de consultor\u00eda en el \u00e1mbito de la de ingenier\u00eda civil: Informes t\u00e9cnicos y peritajes, Planificaci\u00f3n, Elaboraci\u00f3n de proyectos, Supervisiones y direcciones de obras. Seis Consultora. Solvencia, experiencia, integridad y servicio.\" itemprop=\"image\" height=\"225\" width=\"200\" title=\"unicef_seis_consultora-200\" onerror=\"this.style.display='none'\"  \/>\r\n\t\t\t\t<\/a>\r\n\t\t\t\t<a href=\"https:\/\/www.oxfamintermon.org\/es\" target=\"_blank\" rel=\"noopener\" itemprop=\"url\">\r\n\t\t\t\t<img loading=\"lazy\" decoding=\"async\" src=\"https:\/\/seisconsultora.com\/wp-content\/uploads\/2021\/11\/oxfam-intermon_seis-consultora-200.png\" alt=\"Servicios de consultor\u00eda en el \u00e1mbito de la de ingenier\u00eda civil: Informes t\u00e9cnicos y peritajes, Planificaci\u00f3n, Elaboraci\u00f3n de proyectos, Supervisiones y direcciones de obras. Seis Consultora. Solvencia, experiencia, integridad y servicio.\" itemprop=\"image\" height=\"230\" width=\"200\" title=\"oxfam-intermon_seis-consultora-200\" onerror=\"this.style.display='none'\"  \/>\r\n\t\t\t\t<\/a>\r\n\r\n","protected":false},"excerpt":{"rendered":"<p>Responsabilitat social corporativa Des d&#8217;un punt de vista \u00e8tic, les organitzacions econ\u00f2miques juguen un paper social que en aquests moments \u00e9s de gran rellev\u00e0ncia pels impactes mediambiental i social que tenen les seves actuacions. SEIS CONSULTORA, conscient d&#8217;aquesta responsabilitat, canalitza la seva aportaci\u00f3 de forma concreta amb la participaci\u00f3 en organitzacions no governamentals dedicades a [&hellip;]<\/p>\n","protected":false},"author":9,"featured_media":0,"parent":0,"menu_order":0,"comment_status":"closed","ping_status":"closed","template":"","meta":{"site-sidebar-layout":"no-sidebar","site-content-layout":"page-builder","ast-site-content-layout":"default","site-content-style":"default","site-sidebar-style":"default","ast-global-header-display":"","ast-banner-title-visibility":"","ast-main-header-display":"","ast-hfb-above-header-display":"","ast-hfb-below-header-display":"","ast-hfb-mobile-header-display":"","site-post-title":"disabled","ast-breadcrumbs-content":"","ast-featured-img":"disabled","footer-sml-layout":"","ast-disable-related-posts":"","theme-transparent-header-meta":"default","adv-header-id-meta":"","stick-header-meta":"default","header-above-stick-meta":"","header-main-stick-meta":"","header-below-stick-meta":"","astra-migrate-meta-layouts":"default","ast-page-background-enabled":"default","ast-page-background-meta":{"desktop":{"background-color":"","background-image":"","background-repeat":"repeat","background-position":"center center","background-size":"auto","background-attachment":"scroll","background-type":"","background-media":"","overlay-type":"","overlay-color":"","overlay-opacity":"","overlay-gradient":""},"tablet":{"background-color":"","background-image":"","background-repeat":"repeat","background-position":"center center","background-size":"auto","background-attachment":"scroll","background-type":"","background-media":"","overlay-type":"","overlay-color":"","overlay-opacity":"","overlay-gradient":""},"mobile":{"background-color":"","background-image":"","background-repeat":"repeat","background-position":"center center","background-size":"auto","background-attachment":"scroll","background-type":"","background-media":"","overlay-type":"","overlay-color":"","overlay-opacity":"","overlay-gradient":""}},"ast-content-background-meta":{"desktop":{"background-color":"var(--ast-global-color-5)","background-image":"","background-repeat":"repeat","background-position":"center center","background-size":"auto","background-attachment":"scroll","background-type":"","background-media":"","overlay-type":"","overlay-color":"","overlay-opacity":"","overlay-gradient":""},"tablet":{"background-color":"var(--ast-global-color-5)","background-image":"","background-repeat":"repeat","background-position":"center center","background-size":"auto","background-attachment":"scroll","background-type":"","background-media":"","overlay-type":"","overlay-color":"","overlay-opacity":"","overlay-gradient":""},"mobile":{"background-color":"var(--ast-global-color-5)","background-image":"","background-repeat":"repeat","background-position":"center center","background-size":"auto","background-attachment":"scroll","background-type":"","background-media":"","overlay-type":"","overlay-color":"","overlay-opacity":"","overlay-gradient":""}},"footnotes":""},"class_list":["post-1615","page","type-page","status-publish","hentry"],"yoast_head":"<!-- This site is optimized with the Yoast SEO plugin v27.1.1 - https:\/\/yoast.com\/product\/yoast-seo-wordpress\/ -->\n<title>Responsabilitat social corporativa - Seis Consultora<\/title>\n<meta name=\"description\" content=\"Responsabilitat social corporativa a Sis Consultora independent d&#039;enginyeria civil col\u00b7laborem amb Unicef i Oxfan Interm\u00f3n.\" \/>\n<meta name=\"robots\" content=\"index, follow, max-snippet:-1, max-image-preview:large, max-video-preview:-1\" \/>\n<link rel=\"canonical\" href=\"https:\/\/seisconsultora.com\/ca\/responsabilitat-social-corporativa\/\" \/>\n<meta property=\"og:locale\" content=\"ca_ES\" \/>\n<meta property=\"og:type\" content=\"article\" \/>\n<meta property=\"og:title\" content=\"Responsabilitat social corporativa - Seis Consultora\" \/>\n<meta property=\"og:description\" content=\"Responsabilitat social corporativa a Sis Consultora independent d&#039;enginyeria civil col\u00b7laborem amb Unicef i Oxfan Interm\u00f3n.\" \/>\n<meta property=\"og:url\" content=\"https:\/\/seisconsultora.com\/ca\/responsabilitat-social-corporativa\/\" \/>\n<meta property=\"og:site_name\" content=\"Seis Consultora\" \/>\n<meta property=\"article:modified_time\" content=\"2021-11-16T16:30:54+00:00\" \/>\n<meta property=\"og:image\" content=\"https:\/\/seisconsultora.com\/wp-content\/uploads\/2021\/11\/unicef_seis_consultora-200.png\" \/>\n<meta name=\"twitter:card\" content=\"summary_large_image\" \/>\n<script type=\"application\/ld+json\" class=\"yoast-schema-graph\">{\"@context\":\"https:\/\/schema.org\",\"@graph\":[{\"@type\":\"WebPage\",\"@id\":\"https:\/\/seisconsultora.com\/ca\/responsabilitat-social-corporativa\/\",\"url\":\"https:\/\/seisconsultora.com\/ca\/responsabilitat-social-corporativa\/\",\"name\":\"Responsabilitat social corporativa - Seis Consultora\",\"isPartOf\":{\"@id\":\"https:\/\/seisconsultora.com\/#website\"},\"primaryImageOfPage\":{\"@id\":\"https:\/\/seisconsultora.com\/ca\/responsabilitat-social-corporativa\/#primaryimage\"},\"image\":{\"@id\":\"https:\/\/seisconsultora.com\/ca\/responsabilitat-social-corporativa\/#primaryimage\"},\"thumbnailUrl\":\"https:\/\/seisconsultora.com\/wp-content\/uploads\/2021\/11\/unicef_seis_consultora-200.png\",\"datePublished\":\"2021-11-15T11:19:29+00:00\",\"dateModified\":\"2021-11-16T16:30:54+00:00\",\"description\":\"Responsabilitat social corporativa a Sis Consultora independent d'enginyeria civil col\u00b7laborem amb Unicef i Oxfan Interm\u00f3n.\",\"breadcrumb\":{\"@id\":\"https:\/\/seisconsultora.com\/ca\/responsabilitat-social-corporativa\/#breadcrumb\"},\"inLanguage\":\"ca\",\"potentialAction\":[{\"@type\":\"ReadAction\",\"target\":[\"https:\/\/seisconsultora.com\/ca\/responsabilitat-social-corporativa\/\"]}]},{\"@type\":\"ImageObject\",\"inLanguage\":\"ca\",\"@id\":\"https:\/\/seisconsultora.com\/ca\/responsabilitat-social-corporativa\/#primaryimage\",\"url\":\"https:\/\/seisconsultora.com\/wp-content\/uploads\/2021\/11\/unicef_seis_consultora-200.png\",\"contentUrl\":\"https:\/\/seisconsultora.com\/wp-content\/uploads\/2021\/11\/unicef_seis_consultora-200.png\"},{\"@type\":\"BreadcrumbList\",\"@id\":\"https:\/\/seisconsultora.com\/ca\/responsabilitat-social-corporativa\/#breadcrumb\",\"itemListElement\":[{\"@type\":\"ListItem\",\"position\":1,\"name\":\"Portada\",\"item\":\"https:\/\/seisconsultora.com\/ca\/\"},{\"@type\":\"ListItem\",\"position\":2,\"name\":\"Responsabilitat social corporativa\"}]},{\"@type\":\"WebSite\",\"@id\":\"https:\/\/seisconsultora.com\/#website\",\"url\":\"https:\/\/seisconsultora.com\/\",\"name\":\"Seis Consultora\",\"description\":\"\",\"publisher\":{\"@id\":\"https:\/\/seisconsultora.com\/#organization\"},\"potentialAction\":[{\"@type\":\"SearchAction\",\"target\":{\"@type\":\"EntryPoint\",\"urlTemplate\":\"https:\/\/seisconsultora.com\/?s={search_term_string}\"},\"query-input\":{\"@type\":\"PropertyValueSpecification\",\"valueRequired\":true,\"valueName\":\"search_term_string\"}}],\"inLanguage\":\"ca\"},{\"@type\":\"Organization\",\"@id\":\"https:\/\/seisconsultora.com\/#organization\",\"name\":\"Seis Consultora\",\"url\":\"https:\/\/seisconsultora.com\/\",\"logo\":{\"@type\":\"ImageObject\",\"inLanguage\":\"ca\",\"@id\":\"https:\/\/seisconsultora.com\/#\/schema\/logo\/image\/\",\"url\":\"https:\/\/seisconsultora.com\/wp-content\/uploads\/2020\/04\/seis-consultora-logo-web-450.png\",\"contentUrl\":\"https:\/\/seisconsultora.com\/wp-content\/uploads\/2020\/04\/seis-consultora-logo-web-450.png\",\"width\":450,\"height\":65,\"caption\":\"Seis Consultora\"},\"image\":{\"@id\":\"https:\/\/seisconsultora.com\/#\/schema\/logo\/image\/\"}}]}<\/script>\n<!-- \/ Yoast SEO plugin. -->","yoast_head_json":{"title":"Responsabilitat social corporativa - Seis Consultora","description":"Responsabilitat social corporativa a Sis Consultora independent d'enginyeria civil col\u00b7laborem amb Unicef i Oxfan Interm\u00f3n.","robots":{"index":"index","follow":"follow","max-snippet":"max-snippet:-1","max-image-preview":"max-image-preview:large","max-video-preview":"max-video-preview:-1"},"canonical":"https:\/\/seisconsultora.com\/ca\/responsabilitat-social-corporativa\/","og_locale":"ca_ES","og_type":"article","og_title":"Responsabilitat social corporativa - Seis Consultora","og_description":"Responsabilitat social corporativa a Sis Consultora independent d'enginyeria civil col\u00b7laborem amb Unicef i Oxfan Interm\u00f3n.","og_url":"https:\/\/seisconsultora.com\/ca\/responsabilitat-social-corporativa\/","og_site_name":"Seis Consultora","article_modified_time":"2021-11-16T16:30:54+00:00","og_image":[{"url":"https:\/\/seisconsultora.com\/wp-content\/uploads\/2021\/11\/unicef_seis_consultora-200.png","type":"","width":"","height":""}],"twitter_card":"summary_large_image","schema":{"@context":"https:\/\/schema.org","@graph":[{"@type":"WebPage","@id":"https:\/\/seisconsultora.com\/ca\/responsabilitat-social-corporativa\/","url":"https:\/\/seisconsultora.com\/ca\/responsabilitat-social-corporativa\/","name":"Responsabilitat social corporativa - Seis Consultora","isPartOf":{"@id":"https:\/\/seisconsultora.com\/#website"},"primaryImageOfPage":{"@id":"https:\/\/seisconsultora.com\/ca\/responsabilitat-social-corporativa\/#primaryimage"},"image":{"@id":"https:\/\/seisconsultora.com\/ca\/responsabilitat-social-corporativa\/#primaryimage"},"thumbnailUrl":"https:\/\/seisconsultora.com\/wp-content\/uploads\/2021\/11\/unicef_seis_consultora-200.png","datePublished":"2021-11-15T11:19:29+00:00","dateModified":"2021-11-16T16:30:54+00:00","description":"Responsabilitat social corporativa a Sis Consultora independent d'enginyeria civil col\u00b7laborem amb Unicef i Oxfan Interm\u00f3n.","breadcrumb":{"@id":"https:\/\/seisconsultora.com\/ca\/responsabilitat-social-corporativa\/#breadcrumb"},"inLanguage":"ca","potentialAction":[{"@type":"ReadAction","target":["https:\/\/seisconsultora.com\/ca\/responsabilitat-social-corporativa\/"]}]},{"@type":"ImageObject","inLanguage":"ca","@id":"https:\/\/seisconsultora.com\/ca\/responsabilitat-social-corporativa\/#primaryimage","url":"https:\/\/seisconsultora.com\/wp-content\/uploads\/2021\/11\/unicef_seis_consultora-200.png","contentUrl":"https:\/\/seisconsultora.com\/wp-content\/uploads\/2021\/11\/unicef_seis_consultora-200.png"},{"@type":"BreadcrumbList","@id":"https:\/\/seisconsultora.com\/ca\/responsabilitat-social-corporativa\/#breadcrumb","itemListElement":[{"@type":"ListItem","position":1,"name":"Portada","item":"https:\/\/seisconsultora.com\/ca\/"},{"@type":"ListItem","position":2,"name":"Responsabilitat social corporativa"}]},{"@type":"WebSite","@id":"https:\/\/seisconsultora.com\/#website","url":"https:\/\/seisconsultora.com\/","name":"Seis Consultora","description":"","publisher":{"@id":"https:\/\/seisconsultora.com\/#organization"},"potentialAction":[{"@type":"SearchAction","target":{"@type":"EntryPoint","urlTemplate":"https:\/\/seisconsultora.com\/?s={search_term_string}"},"query-input":{"@type":"PropertyValueSpecification","valueRequired":true,"valueName":"search_term_string"}}],"inLanguage":"ca"},{"@type":"Organization","@id":"https:\/\/seisconsultora.com\/#organization","name":"Seis Consultora","url":"https:\/\/seisconsultora.com\/","logo":{"@type":"ImageObject","inLanguage":"ca","@id":"https:\/\/seisconsultora.com\/#\/schema\/logo\/image\/","url":"https:\/\/seisconsultora.com\/wp-content\/uploads\/2020\/04\/seis-consultora-logo-web-450.png","contentUrl":"https:\/\/seisconsultora.com\/wp-content\/uploads\/2020\/04\/seis-consultora-logo-web-450.png","width":450,"height":65,"caption":"Seis Consultora"},"image":{"@id":"https:\/\/seisconsultora.com\/#\/schema\/logo\/image\/"}}]}},"_links":{"self":[{"href":"https:\/\/seisconsultora.com\/ca\/wp-json\/wp\/v2\/pages\/1615","targetHints":{"allow":["GET"]}}],"collection":[{"href":"https:\/\/seisconsultora.com\/ca\/wp-json\/wp\/v2\/pages"}],"about":[{"href":"https:\/\/seisconsultora.com\/ca\/wp-json\/wp\/v2\/types\/page"}],"author":[{"embeddable":true,"href":"https:\/\/seisconsultora.com\/ca\/wp-json\/wp\/v2\/users\/9"}],"replies":[{"embeddable":true,"href":"https:\/\/seisconsultora.com\/ca\/wp-json\/wp\/v2\/comments?post=1615"}],"version-history":[{"count":2,"href":"https:\/\/seisconsultora.com\/ca\/wp-json\/wp\/v2\/pages\/1615\/revisions"}],"predecessor-version":[{"id":1617,"href":"https:\/\/seisconsultora.com\/ca\/wp-json\/wp\/v2\/pages\/1615\/revisions\/1617"}],"wp:attachment":[{"href":"https:\/\/seisconsultora.com\/ca\/wp-json\/wp\/v2\/media?parent=1615"}],"curies":[{"name":"wp","href":"https:\/\/api.w.org\/{rel}","templated":true}]}}

<h1>
				Responsabilitat social corporativa
			</h1>
	<p>Des d&#8217;un punt de vista ètic, les organitzacions econòmiques juguen un paper social que en aquests moments és de gran rellevància pels impactes mediambiental i social que tenen les seves actuacions.</p>
<p><strong>SEIS CONSULTORA</strong>, conscient d&#8217;aquesta responsabilitat, canalitza la seva aportació de forma concreta amb la participació en organitzacions no governamentals dedicades a l&#8217;atenció de la infància i a la reducció de la pobresa al món.</p>
				<a href="https://www.unicef.es/" target="_blank" rel="noopener" itemprop="url">
				<img loading="lazy" decoding="async" src="https://seisconsultora.com/wp-content/uploads/2021/11/unicef_seis_consultora-200.png" alt="Servicios de consultoría en el ámbito de la de ingeniería civil: Informes técnicos y peritajes, Planificación, Elaboración de proyectos, Supervisiones y direcciones de obras. Seis Consultora. Solvencia, experiencia, integridad y servicio." itemprop="image" height="225" width="200" title="unicef_seis_consultora-200" onerror="this.style.display='none'"  />
				</a>
				<a href="https://www.oxfamintermon.org/es" target="_blank" rel="noopener" itemprop="url">
				<img loading="lazy" decoding="async" src="https://seisconsultora.com/wp-content/uploads/2021/11/oxfam-intermon_seis-consultora-200.png" alt="Servicios de consultoría en el ámbito de la de ingeniería civil: Informes técnicos y peritajes, Planificación, Elaboración de proyectos, Supervisiones y direcciones de obras. Seis Consultora. Solvencia, experiencia, integridad y servicio." itemprop="image" height="230" width="200" title="oxfam-intermon_seis-consultora-200" onerror="this.style.display='none'"  />
				</a>

<p>Responsabilitat social corporativa Des d&#8217;un punt de vista ètic, les organitzacions econòmiques juguen un paper social que en aquests moments és de gran rellevància pels impactes mediambiental i social que tenen les seves actuacions. SEIS CONSULTORA, conscient d&#8217;aquesta responsabilitat, canalitza la seva aportació de forma concreta amb la participació en organitzacions no governamentals dedicades a [&hellip;]</p>

<!-- This site is optimized with the Yoast SEO plugin v27.1.1 - https://yoast.com/product/yoast-seo-wordpress/ -->
<title>Responsabilitat social corporativa - Seis Consultora</title>
<meta name="description" content="Responsabilitat social corporativa a Sis Consultora independent d&#039;enginyeria civil col·laborem amb Unicef i Oxfan Intermón." />
<meta name="robots" content="index, follow, max-snippet:-1, max-image-preview:large, max-video-preview:-1" />
<link rel="canonical" href="https://seisconsultora.com/ca/responsabilitat-social-corporativa/" />
<meta property="og:locale" content="ca_ES" />
<meta property="og:type" content="article" />
<meta property="og:title" content="Responsabilitat social corporativa - Seis Consultora" />
<meta property="og:description" content="Responsabilitat social corporativa a Sis Consultora independent d&#039;enginyeria civil col·laborem amb Unicef i Oxfan Intermón." />
<meta property="og:url" content="https://seisconsultora.com/ca/responsabilitat-social-corporativa/" />
<meta property="og:site_name" content="Seis Consultora" />
<meta property="article:modified_time" content="2021-11-16T16:30:54+00:00" />
<meta property="og:image" content="https://seisconsultora.com/wp-content/uploads/2021/11/unicef_seis_consultora-200.png" />
<meta name="twitter:card" content="summary_large_image" />
<script type="application/ld+json" class="yoast-schema-graph">{"@context":"https://schema.org","@graph":[{"@type":"WebPage","@id":"https://seisconsultora.com/ca/responsabilitat-social-corporativa/","url":"https://seisconsultora.com/ca/responsabilitat-social-corporativa/","name":"Responsabilitat social corporativa - Seis Consultora","isPartOf":{"@id":"https://seisconsultora.com/#website"},"primaryImageOfPage":{"@id":"https://seisconsultora.com/ca/responsabilitat-social-corporativa/#primaryimage"},"image":{"@id":"https://seisconsultora.com/ca/responsabilitat-social-corporativa/#primaryimage"},"thumbnailUrl":"https://seisconsultora.com/wp-content/uploads/2021/11/unicef_seis_consultora-200.png","datePublished":"2021-11-15T11:19:29+00:00","dateModified":"2021-11-16T16:30:54+00:00","description":"Responsabilitat social corporativa a Sis Consultora independent d'enginyeria civil col·laborem amb Unicef i Oxfan Intermón.","breadcrumb":{"@id":"https://seisconsultora.com/ca/responsabilitat-social-corporativa/#breadcrumb"},"inLanguage":"ca","potentialAction":[{"@type":"ReadAction","target":["https://seisconsultora.com/ca/responsabilitat-social-corporativa/"]}]},{"@type":"ImageObject","inLanguage":"ca","@id":"https://seisconsultora.com/ca/responsabilitat-social-corporativa/#primaryimage","url":"https://seisconsultora.com/wp-content/uploads/2021/11/unicef_seis_consultora-200.png","contentUrl":"https://seisconsultora.com/wp-content/uploads/2021/11/unicef_seis_consultora-200.png"},{"@type":"BreadcrumbList","@id":"https://seisconsultora.com/ca/responsabilitat-social-corporativa/#breadcrumb","itemListElement":[{"@type":"ListItem","position":1,"name":"Portada","item":"https://seisconsultora.com/ca/"},{"@type":"ListItem","position":2,"name":"Responsabilitat social corporativa"}]},{"@type":"WebSite","@id":"https://seisconsultora.com/#website","url":"https://seisconsultora.com/","name":"Seis Consultora","description":"","publisher":{"@id":"https://seisconsultora.com/#organization"},"potentialAction":[{"@type":"SearchAction","target":{"@type":"EntryPoint","urlTemplate":"https://seisconsultora.com/?s={search_term_string}"},"query-input":{"@type":"PropertyValueSpecification","valueRequired":true,"valueName":"search_term_string"}}],"inLanguage":"ca"},{"@type":"Organization","@id":"https://seisconsultora.com/#organization","name":"Seis Consultora","url":"https://seisconsultora.com/","logo":{"@type":"ImageObject","inLanguage":"ca","@id":"https://seisconsultora.com/#/schema/logo/image/","url":"https://seisconsultora.com/wp-content/uploads/2020/04/seis-consultora-logo-web-450.png","contentUrl":"https://seisconsultora.com/wp-content/uploads/2020/04/seis-consultora-logo-web-450.png","width":450,"height":65,"caption":"Seis Consultora"},"image":{"@id":"https://seisconsultora.com/#/schema/logo/image/"}}]}</script>
<!-- / Yoast SEO plugin. -->

Responsabilitat social corporativa a Sis Consultora independent d'enginyeria civil col·laborem amb Unicef i Oxfan Intermón.
